factor of 3025 and 1333420.
605
What is the highest common factor of 51 and 2157?
3
Calculate the greatest common divisor of 108357 and 57.
57
What is the highest common factor of 2106 and 3250?
26
What is the greatest common divisor of 22 and 14806?
22
What is the greatest common factor of 1903865 and 1065?
355
Calculate the highest common factor of 414 and 15203.
23
What is the highest common divisor of 796296 and 30?
6
What is the highest common divisor of 306 and 688698?
18
What is the highest common divisor of 23460 and 20?
20
What is the highest common factor of 514 and 382159?
257
Calculate the highest common divisor of 39 and 13403.
13
Calculate the highest common factor of 336 and 25674.
6
Calculate the highest common factor of 1256 and 2270220.
628
What is the highest common factor of 189 and 44478?
63
Calculate the highest common factor of 43254 and 35956.
178
What is the greatest common divisor of 2088 and 9918?
522
Calculate the highest common factor of 1393360 and 104.
8
Calculate the greatest common divisor of 9594 and 255762.
234
What is the highest common factor of 465 and 11985?
15
What is the highest common divisor of 57528 and 459?
153
Calculate the highest common factor of 673 and 78068.
673
What is the greatest common divisor of 10579 and 745?
149
Calculate the greatest common factor of 945 and 31455.
135
What is the greatest common divisor of 9164 and 349180?
316
Calculate the greatest common factor of 13051 and 842.
421
What is the greatest common divisor of 41216 and 2093?
161
What is the highest common factor of 11064 and 996?
12
What is the highest common factor of 249232 and 149876?
1684
What is the greatest common factor of 939 and 297663?
939
What is the greatest common divisor of 289 and 160684?
289
What is the highest common divisor of 48 and 73992?
24
Calculate the highest common divisor of 4068 and 32.
4
What is the highest common divisor of 1112795 and 457?
457
Calculate the highest common divisor of 55273 and 31.
31
Calculate the greatest common factor of 94640 and 1280.
80
Calculate the greatest common divisor of 675 and 6602175.
675
What is the highest common factor of 5216 and 1019728?
2608
Calculate the greatest common divisor of 2028 and 708.
12
Calculate the greatest common divisor of 3332 and 3772.
4
Calculate the highest common divisor of 153960 and 9.
3
What is the highest common divisor of 290292 and 204?
204
What is the highest common divisor of 631 and 15211517?
631
Calculate the greatest common factor of 1425 and 27575.
25
What is the highest common divisor of 2904 and 2178?
726
Calculate the greatest common factor of 2788 and 1564.
68
What is the highest common factor of 4107 and 925?
37
Calculate the highest common divisor of 2639 and 9100.
91
What is the greatest common divisor of 126 and 312102?
126
What is the highest common divisor of 56 and 29204?
28
Calculate the greatest common factor of 3 and 26203.
1
Calculate the greatest common divisor of 103129 and 52.
13
Calculate the highest common divisor of 293650 and 350.
350
What is the highest common factor of 30030 and 210?
210
Calculate the highest common divisor of 5472 and 1881.
171
What is the highest common divisor of 1958 and 10502?
178
What is the greatest common factor of 7168 and 854?
14
What is the highest common factor of 2001 and 13021?
29
Calculate the highest common factor of 390 and 10740.
30
Calculate the greatest common divisor of 775428 and 24.
12
What is the highest common divisor of 10252 and 297?
11
Calculate the highest common divisor of 2670 and 381.
3
Calculate the highest common factor of 22909 and 248.
31
Calculate the highest common divisor of 39783 and 1068.
267
What is the highest common factor of 2008450 and 50?
50
What is the highest common divisor of 359 and 290431?
359
What is the greatest common divisor of 40 and 17420?
20
What is the highest common divisor of 1216305 and 755?
755
What is the highest common factor of 16687 and 34973?
41
What is the highest common factor of 652 and 314590?
326
Calculate the highest common factor of 17 and 27591.
17
Calculate the greatest common factor of 2892 and 168.
12
Calculate the greatest common divisor of 213 and 57297.
213
What is the greatest common factor of 192 and 441024?
192
Calculate the greatest common factor of 111342 and 154.
154
Calculate the greatest common factor of 1590 and 2400.
30
What is the greatest common factor of 33 and 1274581?
11
What is the greatest common divisor of 83 and 41?
1
What is the highest common factor of 1343 and 5933?
17
What is the greatest common divisor of 1472 and 1127?
23
What is the highest common divisor of 1919106 and 1134?
378
What is the greatest common divisor of 3941006 and 166?
166
What is the greatest common factor of 422 and 140315?
211
What is the greatest common divisor of 45 and 2595?
15
What is the greatest common factor of 160 and 11140?
20
What is the highest common factor of 48 and 1161996?
12
Calculate the greatest common divisor of 23584 and 58223.
737
Calculate the greatest common divisor of 6667 and 113.
113
What is the highest common divisor of 264 and 1001?
11
What is the highest common divisor of 321296 and 4128?
688
Calculate the greatest common factor of 231 and 52305.
33
Calculate the highest common divisor of 3033828 and 189.
189
Calculate the greatest common divisor of 5388 and 24.
12
What is the greatest common divisor of 10 and 97640?
10
Calculate the greatest common factor of 1029 and 3423.
21
Calculate the greatest common divisor of 1005102 and 324.
54
Calculate the greatest common factor of 562746 and 639.
213
What is the highest common factor of 1364 and 122419?
341
Calculate the greatest common divisor of 34428 and 513.
57
Calculate the greatest common divisor of 529925 and 14432.
451
Calculate the greatest common divisor of 3815 and 436.
109
What is the greatest common divisor of 288 and 6744?
24
Calculate the greatest common divisor of 1815 and 256215.
15
Calculate the greatest common divisor of 6764 and 1102.
38
Calculate the greatest common divisor of 7458 and 12.
6
Calculate the greatest common divisor of 9348587 and 43.
43
What is the highest common divisor of 117 and 328419?
117
Calculate the greatest common divisor of 2223 and 39.
39
What is the greatest common factor of 506541 and 21?
21
Calculate the greatest common divisor of 56 and 1224720.
56
Calculate the highest common divisor of 2260 and 54340.
20
Calculate the highest common factor of 37002 and 63.
21
Calculate the highest common divisor of 10 and 1368.
2
What is the highest common factor of 477 and 21591?
9
What is the greatest common factor of 454831 and 10738?
767
Calculate the highest common factor of 68 and 7021.
17
What is the greatest common divisor of 7107 and 207?
69
Calculate the highest common divisor of 5165 and 40.
5
Calculate the highest common factor of 235 and 645.
5
What is the highest common factor of 54927 and 359?
359
What is the highest common divisor of 5434 and 6688?
418
Calculate the greatest common divisor of 11622 and 17284.
298
What is the highest common divisor of 10017 and 763?
7
Calculate the greatest common divisor of 32990 and 1340.
10
What is the highest common factor of 2142 and 4578?
42
Calculate the highest common factor of 297 and 8448.
33
Calculate the highest common factor of 64541 and 7456.
233
What is the highest common factor of 14424 and 2388374?
1202
What is the greatest common divisor of 875 and 13440?
35
Calculate the highest common divisor of 3311 and 87032.
473
What is the highest common divisor of 115 and 830?
5
What is the highest common divisor of 440 and 175736?
88
What is the highest common factor of 57051 and 243?
27
Calculate the greatest common divisor of 109221 and 12.
3
What is the highest common divisor of 37800 and 1848?
168
What is the greatest common factor of 64 and 954?
2
What is the greatest common divisor of 935 and 12070?
85
Calculate the highest common divisor of 2519 and 5654.
11
Calculate the greatest common factor of 4636 and 19532.
76
What is the highest common factor of 36711 and 9?
9
What is the greatest common factor of 2992 and 307088?
272
Calculate the highest common divisor of 234955 and 98.
49
Calculate the greatest common divisor of 1 and 364